s divided by 20?
15
What is the remainder when 518 is divided by 14?
0
Calculate the remainder when 1797 is divided by 31.
30
Calculate the remainder when 742 is divided by 58.
46
Calculate the remainder when 650 is divided by 30.
20
What is the remainder when 506 is divided by 13?
12
What is the remainder when 3152 is divided by 83?
81
What is the remainder when 338 is divided by 2?
0
What is the remainder when 60 is divided by 39?
21
Calculate the remainder when 1221 is divided by 34.
31
What is the remainder when 351 is divided by 72?
63
What is the remainder when 129 is divided by 26?
25
What is the remainder when 1125 is divided by 142?
131
Calculate the remainder when 376 is divided by 108.
52
Calculate the remainder when 654 is divided by 15.
9
What is the remainder when 2798 is divided by 12?
2
Calculate the remainder when 233 is divided by 23.
3
What is the remainder when 75 is divided by 35?
5
What is the remainder when 44 is divided by 16?
12
What is the remainder when 19482 is divided by 15?
12
Calculate the remainder when 171 is divided by 57.
0
Calculate the remainder when 1325 is divided by 83.
80
Calculate the remainder when 545 is divided by 55.
50
Calculate the remainder when 325 is divided by 134.
57
What is the remainder when 2298 is divided by 23?
21
What is the remainder when 6388 is divided by 71?
69
What is the remainder when 719 is divided by 9?
8
Calculate the remainder when 202 is divided by 11.
4
What is the remainder when 105 is divided by 20?
5
Calculate the remainder when 1818 is divided by 49.
5
What is the remainder when 166 is divided by 77?
12
What is the remainder when 3130 is divided by 116?
114
What is the remainder when 660 is divided by 181?
117
What is the remainder when 394 is divided by 110?
64
What is the remainder when 204 is divided by 27?
15
What is the remainder when 432 is divided by 429?
3
Calculate the remainder when 394 is divided by 89.
38
Calculate the remainder when 221 is divided by 23.
14
Calculate the remainder when 192 is divided by 67.
58
Calculate the remainder when 259 is divided by 78.
25
What is the remainder when 223 is divided by 193?
30
What is the remainder when 198 is divided by 32?
6
Calculate the remainder when 179 is divided by 63.
53
Calculate the remainder when 234 is divided by 16.
10
Calculate the remainder when 343 is divided by 5.
3
What is the remainder when 298 is divided by 48?
10
What is the remainder when 15 is divided by 9?
6
What is the remainder when 154 is divided by 82?
72
Calculate the remainder when 521 is divided by 84.
17
Calculate the remainder when 2041 is divided by 57.
46
Calculate the remainder when 7222 is divided by 84.
82
Calculate the remainder when 4137 is divided by 60.
57
What is the remainder when 402 is divided by 33?
6
Calculate the remainder when 774 is divided by 49.
39
Calculate the remainder when 10486 is divided by 38.
36
What is the remainder when 198 is divided by 25?
23
What is the remainder when 1473 is divided by 242?
21
Calculate the remainder when 728 is divided by 67.
58
What is the remainder when 340 is divided by 57?
55
What is the remainder when 2123 is divided by 25?
23
Calculate the remainder when 651 is divided by 167.
150
What is the remainder when 79 is divided by 49?
30
What is the remainder when 244 is divided by 68?
40
What is the remainder when 132 is divided by 19?
18
Calculate the remainder when 1630 is divided by 71.
68
Calculate the remainder when 1162 is divided by 259.
126
Calculate the remainder when 551 is divided by 33.
23
What is the remainder when 476 is divided by 60?
56
What is the remainder when 175 is divided by 12?
7
Calculate the remainder when 1246 is divided by 78.
76
Calculate the remainder when 118 is divided by 7.
6
What is the remainder when 298 is divided by 61?
54
Calculate the remainder when 5183 is divided by 19.
15
What is the remainder when 297 is divided by 78?
63
Calculate the remainder when 182 is divided by 32.
22
Calculate the remainder when 53 is divided by 53.
0
Calculate the remainder when 20 is divided by 5.
0
What is the remainder when 542 is divided by 13?
9
Calculate the remainder when 774 is divided by 157.
146
What is the remainder when 55 is divided by 22?
11
What is the remainder when 636 is divided by 89?
13
What is the remainder when 2388 is divided by 173?
139
What is the remainder when 557 is divided by 548?
9
Calculate the remainder when 89 is divided by 13.
11
What is the remainder when 1056 is divided by 106?
102
Calculate the remainder when 203 is divided by 95.
13
Calculate the remainder when 276 is divided by 47.
41
Calculate the remainder when 848 is divided by 25.
23
What is the remainder when 1202 is divided by 241?
238
What is the remainder when 112 is divided by 83?
29
What is the remainder when 371 is divided by 12?
11
What is the remainder when 530 is divided by 170?
20
Calculate the remainder when 1166 is divided by 1022.
144
Calculate the remainder when 217 is divided by 59.
40
What is the remainder when 189 is divided by 12?
9
What is the remainder when 217 is divided by 56?
49
What is the remainder when 165 is divided by 7?
4
What is the remainder when 225 is divided by 118?
107
Calculate the remainder when 57 is divided by 50.
7
What is the remainder when 349 is divided by 13?
11
Calculate the remainder when 1246 is divided by 58.
28
Calculate the remainder when 3528 is divided by 75.
3
Calculate the remainder when 1355 is divided by 97.
94
What is the remainder when 149 is divided by 65?
19
Calculate the remainder when 4689 is divided by 1558.
15
What is the remainder when 398 is divided by 16?
14
Calculate the remainder when 2958 is divided by 148.
146
What is the remainder when 465 is divided by 107?
37
Calculate the remainder when 431 is divided by 73.
66
What is the remainder when 1321 is divided by 31?
19
What is the remainder when 4442 is divided by 39?
35
What is the remainder when 163 is divided by 70?
23
What is the remainder when 49 is divided by 2?
1
Calculate the remainder when 261 is divided by 69.
54
What is the remainder when 289 is divided by 144?
1
Calculate the remainder when 2832 is divided by 939.
15
What is the remainder when 275 is divided by 66?
11
What is the remainder when 486 is divided by 61?
59
Calculate the remainder when 2048 is divided by 82.
80
Calculate the remainder when 41 is divided by 32.
9
Calculate the remainder when 529 is divided by 9.
7
Calculate the remainder when 580 is divided by 8.
4
Calculate the remainder when 423 is divided by 25.
23
Calculate the remainder when 172 is divided by 61.
50
Calculate the remainder when 122 is divided by 40.
2
Calculate the remainder when 4 is divided by 2.
0
What is the remainder when 477 is divided by 21?
15
Calculate the remainder when 376 is divided by 69.
31
Calculate the remainder when 293 is divided by 136.
21
Calculate the remainder when 309 is divided by 46.
33
Calculate the remainder when 1515 is divided by 95.
90
What is the remainder when 335 is divided by 81?
11
Calculate the remainder when 528 is divided by 10.
8
What is the remainder when 611 is divided by 99?
17
What is the remainder when 39 is divided by 14?
11
What is the remainder when 1565 is divided by 310?
15
What is the remainder when 1442 is divided by 13?
12
Calculate the remainder when 322 is divided by 104.
10
Calculate the remainder when 1834 is divided by 183.
4
Calculate the remainder when 8 is divided by 2.
0
Calculate the remainder when 239 is divided by 60.
59
What is the remainder when 179 is divided by 23?
18
What is the remainder when 58 is divided by 13?
6
What is the remainder when 684 is divided by 52?
8
Calculate the remainder when 185 is divided by 47.
44
What is the remainder when 319 is divided by 83?
70
What is the remainder when 3015 is divided by 303?
288
What is the remainder when 85 is divided by 70?
15
What is the remainder when 147 is divided by 74?
73
What is the remainder when 2634 is divided by 17?
16
Calculate the remainder when 351 is divided by 22.
21
What is the remainder when 239 is divided by 5?
4
What is the remainder when 126 is divided by 53?
20
Calculate the remainder when 28 is divided by 9.
1
What is the remainder when 429 is divided by 30?
9
What is t